{"id":122,"date":"2025-08-19T13:38:19","date_gmt":"2025-08-19T13:38:19","guid":{"rendered":"https:\/\/confcamp.ase.ro\/2025\/?page_id=122"},"modified":"2025-08-19T14:17:51","modified_gmt":"2025-08-19T14:17:51","slug":"organizing-committee","status":"publish","type":"page","link":"https:\/\/confcamp.ase.ro\/2025\/?page_id=122","title":{"rendered":"Organizing Committee"},"content":{"rendered":"\r\n<p>Associate Professor <em><strong>\u0218tefan Gabriel BURCEA,<\/strong><\/em> Ph.D., Vice Dean of the Administration and Public Management Faculty, Bucharest University of Economic Studies<\/p>\r\n\r\n\r\n\r\n<p>Lecturer <strong><em>Ana \u2013 M<\/em><\/strong><strong><em>\u0103d\u0103lina B\u00ceGU<\/em><\/strong>, Ph.D., Vice Dean of Administration and Public Management, Bucharest University of Economic Studies<\/p>\r\n\r\n\r\n\r\n<p>Professor <em><strong>Ruxandra &#8211; Irina POPESCU,<\/strong><\/em> Ph.D., Faculty of Administration and Public Management Faculty, Bucharest University of Economic Studies<\/p>\r\n\r\n\r\n\r\n<p>Associate Professor <em><strong>Sorin BURLACU,<\/strong><\/em> Ph.D., Faculty of Administration and Public Management, Bucharest University of Economic Studies<\/p>\r\n\r\n\r\n\r\n<p>Lecturer <em><strong>Corina Cristiana <\/strong><\/em><em><strong>NASTAC\u0102<\/strong><\/em><em><strong>,<\/strong><\/em> Ph.D., Faculty of Administration and Public Management, Bucharest University of Economic Studies<\/p>\r\n\r\n\r\n\r\n<p>Lecturer <strong><em>C\u0103t\u0103lina &#8211; Oana DUMITRESCU<\/em><\/strong><em><strong>,<\/strong><\/em> Ph.D., Faculty of Administration and Public Management, Bucharest University of Economic Studies<\/p>\r\n\r\n\r\n\r\n<p>Lecturer <strong><em>Andreea Ligia DRUG\u0102U-CONSTANTIN<\/em><\/strong><em><strong>,<\/strong><\/em> Ph.D., Faculty of Administration and Public Management, Bucharest University of Economic Studies<\/p>\r\n\r\n\r\n\r\n<p>IT support -economist <strong><em>Tiberiu Adrian CIOLAC<\/em><\/strong>, Faculty of Administration and Public Management, Bucharest University of Economic Studies<\/p>\r\n\r\n\r\n\r\n<p>Faculty registrar <em><strong>Lucica &#8211; Aurora NELEAPC\u0102,<\/strong><\/em> Faculty of Administration and Public Management, Bucharest University of Economic Studies<\/p>\r\n","protected":false},"excerpt":{"rendered":"<p>Associate Professor \u0218tefan Gabriel BURCEA, Ph.D., Vice Dean of the Administration and Public Management Faculty, Bucharest University of Economic Studies Lecturer Ana \u2013 M\u0103d\u0103lina B\u00ceGU, Ph.D., Vice Dean of Administration and Public Management, Bucharest University of Economic Studies Professor Ruxandra &#8211; Irina POPESCU, Ph.D., Faculty of Administration and Public Management Faculty, Bucharest University of Economic [&hellip;]<\/p>\n","protected":false},"author":1,"featured_media":0,"parent":0,"menu_order":0,"comment_status":"closed","ping_status":"closed","template":"templates\/template_page-full-width.php","meta":{"footnotes":""},"class_list":["post-122","page","type-page","status-publish","hentry"],"_links":{"self":[{"href":"https:\/\/confcamp.ase.ro\/2025\/index.php?rest_route=\/wp\/v2\/pages\/122","targetHints":{"allow":["GET"]}}],"collection":[{"href":"https:\/\/confcamp.ase.ro\/2025\/index.php?rest_route=\/wp\/v2\/pages"}],"about":[{"href":"https:\/\/confcamp.ase.ro\/2025\/index.php?rest_route=\/wp\/v2\/types\/page"}],"author":[{"embeddable":true,"href":"https:\/\/confcamp.ase.ro\/2025\/index.php?rest_route=\/wp\/v2\/users\/1"}],"replies":[{"embeddable":true,"href":"https:\/\/confcamp.ase.ro\/2025\/index.php?rest_route=%2Fwp%2Fv2%2Fcomments&post=122"}],"version-history":[{"count":1,"href":"https:\/\/confcamp.ase.ro\/2025\/index.php?rest_route=\/wp\/v2\/pages\/122\/revisions"}],"predecessor-version":[{"id":124,"href":"https:\/\/confcamp.ase.ro\/2025\/index.php?rest_route=\/wp\/v2\/pages\/122\/revisions\/124"}],"wp:attachment":[{"href":"https:\/\/confcamp.ase.ro\/2025\/index.php?rest_route=%2Fwp%2Fv2%2Fmedia&parent=122"}],"curies":[{"name":"wp","href":"https:\/\/api.w.org\/{rel}","templated":true}]}}