{"id":104,"date":"2025-08-19T13:28:42","date_gmt":"2025-08-19T13:28:42","guid":{"rendered":"https:\/\/confcamp.ase.ro\/2025\/?page_id=104"},"modified":"2025-08-19T13:55:23","modified_gmt":"2025-08-19T13:55:23","slug":"guest-speaker-jean-michel-eymeri-douzans","status":"publish","type":"page","link":"https:\/\/confcamp.ase.ro\/2025\/?page_id=104","title":{"rendered":"Guest speaker \u2013 Jean-Michel Eymeri-Douzans"},"content":{"rendered":"<p style=\"text-align: justify;\"><img loading=\"lazy\" decoding=\"async\" class=\"alignnone size-medium wp-image-107\" src=\"https:\/\/confcamp.ase.ro\/2025\/wp-content\/uploads\/2025\/08\/d-1-300x300.jpg\" alt=\"\" width=\"300\" height=\"300\" srcset=\"https:\/\/confcamp.ase.ro\/2025\/wp-content\/uploads\/2025\/08\/d-1-300x300.jpg 300w, https:\/\/confcamp.ase.ro\/2025\/wp-content\/uploads\/2025\/08\/d-1-150x150.jpg 150w, https:\/\/confcamp.ase.ro\/2025\/wp-content\/uploads\/2025\/08\/d-1.jpg 364w\" sizes=\"auto, (max-width: 300px) 100vw, 300px\" \/><\/p>\r\n<!-- \/wp:post-content -->\r\n\r\n<!-- wp:group {\"layout\":{\"type\":\"flex\",\"flexWrap\":\"nowrap\"}} -->\r\n<div class=\"wp-block-group\" style=\"text-align: justify;\"><!-- wp:paragraph -->\r\n<p>Jean-Michel Eymeri-Douzans, dipl\u00f4m\u00e9 de Sciences Po Paris (1990), docteur en science politique de l&#8217;Universit\u00e9 Paris 1 Panth\u00e9on-Sorbonne (1999), ma\u00eetre de conf\u00e9rences \u00e0 l&#8217;UF 11 de cette m\u00eame Univesit\u00e9 (2001-2003), major du concours de l&#8217;agr\u00e9gation externe de Science politique (2003), est depuis lors enseignant-chercheur dans sa ville natale, \u00e0 Sciences Po Toulouse, dont il a \u00e9t\u00e9 plusieurs fois directeur-adjoint et chercheur au Laboratoire des sciences sociales du politique (LaSSP-EA n\u00b04715), qu&#8217;il a dirig\u00e9 cinq ans. Il a cr\u00e9\u00e9 et pr\u00e9side depuis dix ans le Groupe d&#8217;\u00e9tudes permanent n\u00b0XVII &#8220;Sociology of the State : Reforms &amp; Resilience&#8221; d&#8217;EGPA\/GEAP, la soci\u00e9t\u00e9 savante (si\u00e8ge \u00e0 Bruxelles) qui r\u00e9unit les chercheurs et institutions acad\u00e9miques sp\u00e9cialis\u00e9s dans l&#8217;\u00e9tude des administrations publiques en Europe. Membre \u00e9lu du comit\u00e9 ex\u00e9cutif du GEAP depuis des ann\u00e9es, il pr\u00e9side \u00e0 l&#8217;heure actuelle cette soci\u00e9t\u00e9 savante europ\u00e9enne. Ses recherches portent sur la haute administration dans ses rapports au politique, et sur les institutions et processus de gouvernement, tant en France que dans une perspective compar\u00e9e en Europe.<\/p>\r\n<!-- \/wp:paragraph --><\/div>\r\n<!-- \/wp:group -->\r\n\r\n<!-- wp:paragraph -->\r\n<p style=\"text-align: justify;\">En parall\u00e8le, Jean-Michel EYMERI-DOUZANS a d\u00e9velopp\u00e9 depuis son d\u00e9tachement (1999-2001) par le Quai d&#8217;Orsay comme repr\u00e9sentant fran\u00e7ais \u00e0 l&#8217;Institut Europ\u00e9en d&#8217;Administration Publique (IEAP) de Maastricht, une activit\u00e9 d&#8217;expert en ing\u00e9nierie institutionnelle et en r\u00e9formes administratives pour la Commission europ\u00e9enne (diverses DGs), plusieurs pr\u00e9sidences du r\u00e9seau EUPAN des Fonctions publiques de l&#8217;UE, et les autorit\u00e9s de divers Etats europ\u00e9ens dans le cadre de programmes PHARE et de nombreux jumelages administratifs. Dans le m\u00eame ordre d&#8217;activit\u00e9s, les autorit\u00e9s de la Fonction publique fran\u00e7aise lui ont confi\u00e9 maintes missions d&#8217;\u00e9tudes et de r\u00e9flexion, dont la pr\u00e9sidence du Conseil scientifique de la DGAFP, lors de sa mise en place (mandat 20008-11)<\/p>\r\n<!-- \/wp:paragraph -->","protected":false},"excerpt":{"rendered":"<p>Jean-Michel Eymeri-Douzans, dipl\u00f4m\u00e9 de Sciences Po Paris (1990), docteur en science politique de l&#8217;Universit\u00e9 Paris 1 Panth\u00e9on-Sorbonne (1999), ma\u00eetre de conf\u00e9rences \u00e0 l&#8217;UF 11 de cette m\u00eame Univesit\u00e9 (2001-2003), major du concours de l&#8217;agr\u00e9gation externe de Science politique (2003), est depuis lors enseignant-chercheur dans sa ville natale, \u00e0 Sciences Po Toulouse, dont il a \u00e9t\u00e9 [&hellip;]<\/p>\n","protected":false},"author":1,"featured_media":0,"parent":0,"menu_order":0,"comment_status":"closed","ping_status":"closed","template":"templates\/template_page-full-width.php","meta":{"footnotes":""},"class_list":["post-104","page","type-page","status-publish","hentry"],"_links":{"self":[{"href":"https:\/\/confcamp.ase.ro\/2025\/index.php?rest_route=\/wp\/v2\/pages\/104","targetHints":{"allow":["GET"]}}],"collection":[{"href":"https:\/\/confcamp.ase.ro\/2025\/index.php?rest_route=\/wp\/v2\/pages"}],"about":[{"href":"https:\/\/confcamp.ase.ro\/2025\/index.php?rest_route=\/wp\/v2\/types\/page"}],"author":[{"embeddable":true,"href":"https:\/\/confcamp.ase.ro\/2025\/index.php?rest_route=\/wp\/v2\/users\/1"}],"replies":[{"embeddable":true,"href":"https:\/\/confcamp.ase.ro\/2025\/index.php?rest_route=%2Fwp%2Fv2%2Fcomments&post=104"}],"version-history":[{"count":5,"href":"https:\/\/confcamp.ase.ro\/2025\/index.php?rest_route=\/wp\/v2\/pages\/104\/revisions"}],"predecessor-version":[{"id":135,"href":"https:\/\/confcamp.ase.ro\/2025\/index.php?rest_route=\/wp\/v2\/pages\/104\/revisions\/135"}],"wp:attachment":[{"href":"https:\/\/confcamp.ase.ro\/2025\/index.php?rest_route=%2Fwp%2Fv2%2Fmedia&parent=104"}],"curies":[{"name":"wp","href":"https:\/\/api.w.org\/{rel}","templated":true}]}}