{"id":33,"date":"2022-07-07T07:17:39","date_gmt":"2022-07-07T07:17:39","guid":{"rendered":"http:\/\/confcamp.ase.ro\/2022\/?page_id=33"},"modified":"2023-09-04T15:29:28","modified_gmt":"2023-09-04T15:29:28","slug":"guest-speaker","status":"publish","type":"page","link":"https:\/\/confcamp.ase.ro\/2022\/?page_id=33","title":{"rendered":"Guest speaker"},"content":{"rendered":"<div data-colibri-id=\"33-c1\" class=\"style-358 style-local-33-c1 position-relative\">\n  <!---->\n  <div data-colibri-component=\"section\" data-colibri-id=\"33-c2\" id=\"custom\" class=\"h-section h-section-global-spacing d-flex align-items-lg-center align-items-md-center align-items-center style-364 style-local-33-c2 position-relative\">\n    <!---->\n    <!---->\n    <div class=\"h-section-grid-container h-section-boxed-container\">\n      <!---->\n      <div data-colibri-id=\"33-c3\" class=\"h-row-container gutters-row-lg-2 gutters-row-md-2 gutters-row-0 gutters-row-v-lg-2 gutters-row-v-md-2 gutters-row-v-2 style-365 style-local-33-c3 position-relative\">\n        <!---->\n        <div class=\"h-row justify-content-lg-center justify-content-md-center justify-content-center align-items-lg-stretch align-items-md-stretch align-items-stretch gutters-col-lg-2 gutters-col-md-2 gutters-col-0 gutters-col-v-lg-2 gutters-col-v-md-2 gutters-col-v-2\">\n          <!---->\n          <div class=\"h-column h-column-container d-flex h-col-lg-auto h-col-md-auto h-col-auto style-366-outer style-local-33-c4-outer\">\n            <div data-colibri-id=\"33-c4\" class=\"d-flex h-flex-basis h-column__inner h-px-lg-2 h-px-md-2 h-px-2 v-inner-lg-2 v-inner-md-2 v-inner-2 style-366 style-local-33-c4 position-relative\">\n              <!---->\n              <!---->\n              <div class=\"w-100 h-y-container h-column__content h-column__v-align flex-basis-100 align-self-lg-start align-self-md-start align-self-start\">\n                <!---->\n                <div data-colibri-id=\"33-c5\" class=\"h-global-transition-all h-heading style-368 style-local-33-c5 position-relative h-element\">\n                  <!---->\n                  <div class=\"h-heading__outer style-368 style-local-33-c5\">\n                    <!---->\n                    <!---->\n                    <h3 class=\"\">NELSON <span class=\"fancy-title-headline d-inline-flex\"><span class=\"text-wrapper-fancy\"><span class=\"text-animation-fancy\">MICHAUD<\/span>\n                      <svg xmlns=\"http:\/\/www.w3.org\/2000\/svg\" viewBox=\"0 0 500 150\" preserveAspectRatio=\"none\">\n                        <path d=\"M3,146.1c17.1-8.8,33.5-17.8,51.4-17.8c15.6,0,17.1,18.1,30.2,18.1c22.9,0,36-18.6,53.9-18.6 c17.1,0,21.3,18.5,37.5,18.5c21.3,0,31.8-18.6,49-18.6c22.1,0,18.8,18.8,36.8,18.8c18.8,0,37.5-18.6,49-18.6c20.4,0,17.1,19,36.8,19 c22.9,0,36.8-20.6,54.7-18.6c17.7,1.4,7.1,19.5,33.5,18.8c17.1,0,47.2-6.5,61.1-15.6\"><\/path>\n                      <\/svg>\n                      <\/span>\n                      <\/span>\n                    <\/h3>\n                  <\/div>\n                <\/div>\n                <div data-colibri-id=\"33-c6\" class=\"h-text h-text-component style-367 style-local-33-c6 position-relative h-element\">\n                  <!---->\n                  <!---->\n                  <div class=\"\">\n                    <p><strong>Nelson Michaud <\/strong>est juriste, historien et politicologue. Il est professeur titulaire et ancien directeur g\u00e9n\u00e9ral (rectorat) d&#8217;\u00e9tablissement d&#8217;enseignement sup\u00e9rieur qu\u00e9b\u00e9cois, l&#8217;\u00c9cole nationale d&#8217;administration publique\n                      (\u00c9NAP), un \u00e9tablissement du r\u00e9seau de l&#8217;Universit\u00e9 du Qu\u00e9bec, et il est membre du Barreau du Qu\u00e9bec.<\/p>\n                  <\/div>\n                <\/div>\n              <\/div>\n            <\/div>\n          <\/div>\n          <div class=\"h-column h-column-container d-flex h-col-lg-auto h-col-md-auto h-col-auto style-600-outer style-local-33-c7-outer\">\n            <div data-colibri-id=\"33-c7\" class=\"d-flex h-flex-basis h-column__inner h-px-lg-2 h-px-md-2 h-px-2 v-inner-lg-2 v-inner-md-2 v-inner-2 style-600 style-local-33-c7 position-relative\">\n              <!---->\n              <!---->\n              <div class=\"w-100 h-y-container h-column__content h-column__v-align flex-basis-100 align-self-lg-start align-self-md-start align-self-start\">\n                <!---->\n                <div data-colibri-id=\"33-c8\" class=\"d-block style-601 style-local-33-c8 position-relative h-element\">\n                  <!---->\n                  <div class=\"h-image__frame-container-outer\">\n                    <div class=\"h-image__frame-container\">\n                      <!---->\n                      <!---->\n                      <img loading=\"lazy\" decoding=\"async\" width=\"844\" height=\"558\" src=\"http:\/\/confcamp.ase.ro\/2022\/wp-content\/uploads\/cropped-cropped-cropped-nm1.jpg\" class=\"wp-image-544 style-601-image style-local-33-c8-image\" alt=\"\" srcset=\"https:\/\/confcamp.ase.ro\/2022\/wp-content\/uploads\/cropped-cropped-cropped-nm1.jpg 844w, https:\/\/confcamp.ase.ro\/2022\/wp-content\/uploads\/cropped-cropped-cropped-nm1-300x198.jpg 300w, https:\/\/confcamp.ase.ro\/2022\/wp-content\/uploads\/cropped-cropped-cropped-nm1-768x508.jpg 768w\" sizes=\"auto, (max-width: 844px) 100vw, 844px\" \/>\n                      <div class=\"h-image__frame h-hide-lg h-hide-md h-hide-sm style-601-frameImage style-local-33-c8-frameImage\"><\/div>\n                    <\/div>\n                  <\/div>\n                <\/div>\n              <\/div>\n            <\/div>\n          <\/div>\n        <\/div>\n      <\/div>\n    <\/div>\n  <\/div>\n<\/div>","protected":false},"excerpt":{"rendered":"<p>NELSON MICHAUD Nelson Michaud est juriste, historien et politicologue. Il est professeur titulaire et ancien directeur g\u00e9n\u00e9ral (rectorat) d&#8217;\u00e9tablissement d&#8217;enseignement sup\u00e9rieur qu\u00e9b\u00e9cois, l&#8217;\u00c9cole nationale d&#8217;administration publique (\u00c9NAP), un \u00e9tablissement du r\u00e9seau de l&#8217;Universit\u00e9 du Qu\u00e9bec, et il est membre du Barreau du Qu\u00e9bec.<\/p>\n","protected":false},"author":1,"featured_media":0,"parent":0,"menu_order":0,"comment_status":"closed","ping_status":"closed","template":"page-templates\/full-width-page.php","meta":{"footnotes":""},"class_list":["post-33","page","type-page","status-publish","hentry"],"_links":{"self":[{"href":"https:\/\/confcamp.ase.ro\/2022\/index.php?rest_route=\/wp\/v2\/pages\/33","targetHints":{"allow":["GET"]}}],"collection":[{"href":"https:\/\/confcamp.ase.ro\/2022\/index.php?rest_route=\/wp\/v2\/pages"}],"about":[{"href":"https:\/\/confcamp.ase.ro\/2022\/index.php?rest_route=\/wp\/v2\/types\/page"}],"author":[{"embeddable":true,"href":"https:\/\/confcamp.ase.ro\/2022\/index.php?rest_route=\/wp\/v2\/users\/1"}],"replies":[{"embeddable":true,"href":"https:\/\/confcamp.ase.ro\/2022\/index.php?rest_route=%2Fwp%2Fv2%2Fcomments&post=33"}],"version-history":[{"count":19,"href":"https:\/\/confcamp.ase.ro\/2022\/index.php?rest_route=\/wp\/v2\/pages\/33\/revisions"}],"predecessor-version":[{"id":553,"href":"https:\/\/confcamp.ase.ro\/2022\/index.php?rest_route=\/wp\/v2\/pages\/33\/revisions\/553"}],"wp:attachment":[{"href":"https:\/\/confcamp.ase.ro\/2022\/index.php?rest_route=%2Fwp%2Fv2%2Fmedia&parent=33"}],"curies":[{"name":"wp","href":"https:\/\/api.w.org\/{rel}","templated":true}]}}

<div data-colibri-id="33-c1" class="style-358 style-local-33-c1 position-relative">
  <!---->
  <div data-colibri-component="section" data-colibri-id="33-c2" id="custom" class="h-section h-section-global-spacing d-flex align-items-lg-center align-items-md-center align-items-center style-364 style-local-33-c2 position-relative">
    <!---->
    <!---->
    <div class="h-section-grid-container h-section-boxed-container">
      <!---->
      <div data-colibri-id="33-c3" class="h-row-container gutters-row-lg-2 gutters-row-md-2 gutters-row-0 gutters-row-v-lg-2 gutters-row-v-md-2 gutters-row-v-2 style-365 style-local-33-c3 position-relative">
        <!---->
        <div class="h-row justify-content-lg-center justify-content-md-center justify-content-center align-items-lg-stretch align-items-md-stretch align-items-stretch gutters-col-lg-2 gutters-col-md-2 gutters-col-0 gutters-col-v-lg-2 gutters-col-v-md-2 gutters-col-v-2">
          <!---->
          <div class="h-column h-column-container d-flex h-col-lg-auto h-col-md-auto h-col-auto style-366-outer style-local-33-c4-outer">
            <div data-colibri-id="33-c4" class="d-flex h-flex-basis h-column__inner h-px-lg-2 h-px-md-2 h-px-2 v-inner-lg-2 v-inner-md-2 v-inner-2 style-366 style-local-33-c4 position-relative">
              <!---->
              <!---->
              <div class="w-100 h-y-container h-column__content h-column__v-align flex-basis-100 align-self-lg-start align-self-md-start align-self-start">
                <!---->
                <div data-colibri-id="33-c5" class="h-global-transition-all h-heading style-368 style-local-33-c5 position-relative h-element">
                  <!---->
                  <div class="h-heading__outer style-368 style-local-33-c5">
                    <!---->
                    <!---->
                    <h3 class="">NELSON <span class="fancy-title-headline d-inline-flex"><span class="text-wrapper-fancy"><span class="text-animation-fancy">MICHAUD</span>
                      <svg xmlns="http://www.w3.org/2000/svg" viewBox="0 0 500 150" preserveAspectRatio="none">
                        <path d="M3,146.1c17.1-8.8,33.5-17.8,51.4-17.8c15.6,0,17.1,18.1,30.2,18.1c22.9,0,36-18.6,53.9-18.6 c17.1,0,21.3,18.5,37.5,18.5c21.3,0,31.8-18.6,49-18.6c22.1,0,18.8,18.8,36.8,18.8c18.8,0,37.5-18.6,49-18.6c20.4,0,17.1,19,36.8,19 c22.9,0,36.8-20.6,54.7-18.6c17.7,1.4,7.1,19.5,33.5,18.8c17.1,0,47.2-6.5,61.1-15.6"></path>
                      </svg>
                      </span>
                      </span>
                    </h3>
                  </div>
                </div>
                <div data-colibri-id="33-c6" class="h-text h-text-component style-367 style-local-33-c6 position-relative h-element">
                  <!---->
                  <!---->
                  <div class="">
                    <p><strong>Nelson Michaud </strong>est juriste, historien et politicologue. Il est professeur titulaire et ancien directeur général (rectorat) d&#8217;établissement d&#8217;enseignement supérieur québécois, l&#8217;École nationale d&#8217;administration publique
                      (ÉNAP), un établissement du réseau de l&#8217;Université du Québec, et il est membre du Barreau du Québec.</p>
                  </div>
                </div>
              </div>
            </div>
          </div>
          <div class="h-column h-column-container d-flex h-col-lg-auto h-col-md-auto h-col-auto style-600-outer style-local-33-c7-outer">
            <div data-colibri-id="33-c7" class="d-flex h-flex-basis h-column__inner h-px-lg-2 h-px-md-2 h-px-2 v-inner-lg-2 v-inner-md-2 v-inner-2 style-600 style-local-33-c7 position-relative">
              <!---->
              <!---->
              <div class="w-100 h-y-container h-column__content h-column__v-align flex-basis-100 align-self-lg-start align-self-md-start align-self-start">
                <!---->
                <div data-colibri-id="33-c8" class="d-block style-601 style-local-33-c8 position-relative h-element">
                  <!---->
                  <div class="h-image__frame-container-outer">
                    <div class="h-image__frame-container">
                      <!---->
                      <!---->
                      <img loading="lazy" decoding="async" width="844" height="558" src="http://confcamp.ase.ro/2022/wp-content/uploads/cropped-cropped-cropped-nm1.jpg" class="wp-image-544 style-601-image style-local-33-c8-image" alt="" srcset="https://confcamp.ase.ro/2022/wp-content/uploads/cropped-cropped-cropped-nm1.jpg 844w, https://confcamp.ase.ro/2022/wp-content/uploads/cropped-cropped-cropped-nm1-300x198.jpg 300w, https://confcamp.ase.ro/2022/wp-content/uploads/cropped-cropped-cropped-nm1-768x508.jpg 768w" sizes="auto, (max-width: 844px) 100vw, 844px" />
                      <div class="h-image__frame h-hide-lg h-hide-md h-hide-sm style-601-frameImage style-local-33-c8-frameImage"></div>
                    </div>
                  </div>
                </div>
              </div>
            </div>
          </div>
        </div>
      </div>
    </div>
  </div>
</div>

<p>NELSON MICHAUD Nelson Michaud est juriste, historien et politicologue. Il est professeur titulaire et ancien directeur général (rectorat) d&#8217;établissement d&#8217;enseignement supérieur québécois, l&#8217;École nationale d&#8217;administration publique (ÉNAP), un établissement du réseau de l&#8217;Université du Québec, et il est membre du Barreau du Québec.</p>
