{"id":41,"date":"2021-05-21T10:10:46","date_gmt":"2021-05-21T10:10:46","guid":{"rendered":"http:\/\/confcamp.ase.ro\/2021\/?page_id=41"},"modified":"2021-10-06T06:00:24","modified_gmt":"2021-10-06T06:00:24","slug":"management-and-committees","status":"publish","type":"page","link":"https:\/\/confcamp.ase.ro\/2021\/?page_id=41","title":{"rendered":"MANAGEMENT AND COMMITTEE"},"content":{"rendered":"\n<p><strong><span class=\"has-inline-color has-light-green-cyan-color\">Honorary Committee<\/span><\/strong><\/p>\n\n\n\n<p><strong>Conference Chair:<\/strong> Professor <em><strong>Constantin-Marius P<\/strong><\/em><strong><em>ROFIROIU<\/em><\/strong>, Ph.D., Vice-Rector with International Relations, Bucharest University of Economic Studies<\/p>\n\n\n\n<p><strong>Conference Co-chair:<\/strong> Professor <em><strong>Elvira NICA,<\/strong><\/em> Ph.D., Dean of the Administration and Public Management Faculty, Bucharest University of Economic Studies<\/p>\n\n\n\n<p><strong><span class=\"has-inline-color has-light-green-cyan-color\">Scientific Committee<\/span><\/strong><\/p>\n\n\n\n<p>Professor <strong><em>Cristina ALPOPI<\/em><\/strong><em>,<\/em> Ph.D., Head of the Administration and Public Management Department, Administration and Public Management Faculty, Bucharest University of Economic Studies<\/p>\n\n\n\n<p>Professor <em><strong>Armenia ANDRONICEANU,<\/strong><\/em> Ph.D., Director of the International Center for Public Management, Faculty of Administration and Public Management, Bucharest University of Economic Studies<\/p>\n\n\n\n<p>Professor <strong><em>Geert BOUCKAERT<\/em><\/strong>, Ph.D, Louvain University, President of IIAS, Bruxelles, Belgium<\/p>\n\n\n\n<p>Professor <em><strong>Florina BRAN,<\/strong><\/em> Ph.D., Faculty of Agri-Food and Environmental Economics, Bucharest University of Economic Studies<\/p>\n\n\n\n<p>Lecturer <em><strong>\u0218tefan Gabriel BURCEA,<\/strong><\/em> Ph.D., Deputy Dean of the Administration and Public Management Faculty, Bucharest University of Economic Studies<\/p>\n\n\n\n<p>Professor <strong><em>Andr<\/em><\/strong><strong>\u00e9<\/strong><em><strong>CABANIS<\/strong><\/em><strong>, Ph.D., <\/strong><strong>Vice-President of the University of Toulouse \u2013 Capitole, France<\/strong><\/p>\n\n\n\n<p>Professor <em><strong>Jos\u00e9 IGNACIO CASES<\/strong><\/em><em>, Professor Emeritus at the Carlos III University Madrid, Spain<\/em><\/p>\n\n\n\n<p>Professor <em><strong>Sofia COLESCA,<\/strong><\/em> Ph.D., Director of the Center for Research in Administration and Public Services, Faculty of Administration and Public Management, Bucharest University of Economic Studies<\/p>\n\n\n\n<p>Professor <em><strong>Daniela-Lumini\u021ba CONSTANTIN,<\/strong><\/em> Ph.D., Faculty of Administration and Public Management, the Bucharest University of Economic Studies, President of the Romanian Regional Science Association<\/p>\n\n\n\n<p>Professor <strong><em>Jean-Michel EYMERI-DOUZANS<\/em><\/strong>, PhD, President of EGPA, Vice-Rector of Sciences Po Toulouse in charge of Strategic and international development Director of the Master Degree &#8220;Consultancy &amp; Expertise in Public Policies&#8221; (Toulouse-Sofia-Libreville), IEP Toulouse<\/p>\n\n\n\n<p>Professor <em><strong>Margareta-Stela FLORESCU,<\/strong><\/em> Ph.D., Faculty of Administration and Public Management, the Bucharest University of Economic Studies<\/p>\n\n\n\n<p>Professor <strong><em>C\u0103lin HIN\u0162EA<\/em><\/strong>, Ph.D., Dean of Political, Administrative and Communication Sciences Faculty, Babe\u0219-Bolyai University, Cluj-Napoca<\/p>\n\n\n\n<p>Professor <strong><em>Edward T. JENNINGS, <\/em><\/strong>Ph.D., Martin School of Public Policy and Administration, Kentucky University, USA<\/p>\n\n\n\n<p>Professor <strong><em>Mimi Kornazheva<\/em><\/strong>, PhD Department of European Studies and International Relations, Director of Bulgarian-Romanian Interuniversity Europe Center (BRIE) University of Ruse<\/p>\n\n\n\n<p>Associate Professor <strong><em>Cristina NEESHAM<\/em><\/strong>, Ph.D., Department of Management, Newcastle University, UK,<\/p>\n\n\n\n<p>Emeritus Professor <strong><em>Michael A. PETERS<\/em><\/strong>, University of Illinois at Urbana-Champaign, USA Professor, University of Waikato, New Zealand<\/p>\n\n\n\n<p>Professor <em><strong>Gheorghe H. POPESCU,<\/strong><\/em> Ph.D., Christian University \u201cDimitrie Cantemir\u201d, Bucharest, Center for Applied Macroeconomic Analysis at AAER, New York<\/p>\n\n\n\n<p>Professor <em><strong>Ruxandra-Irina POPESCU,<\/strong><\/em> Ph.D., Deputy Dean of Administration and Public Management Faculty, Bucharest University of Economic Studies<\/p>\n\n\n\n<p>Professor <em><strong>Alina-Georgiana PROFIROIU,<\/strong><\/em> Ph.D., Faculty of Administration and Public Management, the Bucharest University of Economic Studies<\/p>\n\n\n\n<p>Associate Professor <em><strong>Carmen-Valentina RADULESCU,<\/strong><\/em> Ph.D., Deputy Dean of Faculty of Agrifood and Environmental Economics, the Bucharest University of Economic Studies<\/p>\n\n\n\n<p>Professor <em><strong>Jos\u00e9 Manuel RUANO de la FUENTE,<\/strong><\/em> Ph.D., Coordinator of the \u201cGovernment and Public Administration\u201d Program, Faculty of Political Science and Sociology, University of Complutense, Madrid, Spain<\/p>\n\n\n\n<p>Lecturer <em><strong>Oana Matilda SABIE,<\/strong><\/em> Ph.D., Deputy Dean of Administration and Public Management Faculty, Bucharest University of Economic Studies<\/p>\n\n\n\n<p>Professor <strong><em>Katarina VALASKOVA<\/em>, <\/strong>Faculty of Operation and Economics of Transport and Communications, Department of Economics, University of Zilina, Zilina, Slovak Republic<\/p>\n\n\n\n<p><strong><span class=\"has-inline-color has-vivid-red-color\">Keynote Speakers<\/span><\/strong><\/p>\n\n\n\n<p><em><strong>Adina Dudau,<\/strong><\/em>\u00a0senior lecturer (associate professor) in management at the University of Glagsow Adam Smith Business School. <\/p>\n\n\n\n<p><strong><span class=\"has-inline-color has-light-green-cyan-color\">Conference Manager<\/span><\/strong><\/p>\n\n\n\n<p>Lecturer<strong> <em>Oana Matilda SABIE<\/em><\/strong>, Ph.D., Vice Dean of the Administration and Public Management Faculty, Bucharest University of Economic Studies<\/p>\n\n\n\n<p><strong><span class=\"has-inline-color has-light-green-cyan-color\">Organizing Committee<\/span><\/strong><\/p>\n\n\n\n<p>Professor <em><strong>Ruxandra-Irina POPESCU,<\/strong><\/em> Ph.D., Deputy Dean of Administration and Public Management Faculty, Bucharest University of Economic Studies<\/p>\n\n\n\n<p>Lecturer <em><strong>\u0218tefan Gabriel BURCEA,<\/strong><\/em> Ph.D., Deputy Dean of the Administration and Public Management Faculty, Bucharest University of Economic Studies<\/p>\n\n\n\n<p>Lecturer <em><strong>Sorin BURLACU,<\/strong><\/em> Ph.D., Faculty of Administration and Public Management, Bucharest University of Economic Studies<\/p>\n\n\n\n<p>Associate Professor <strong><em>Mihaela COM\u0102NESCU<\/em><\/strong>, Ph.D., Faculty of Administration and Public Management, Bucharest University of Economic Studies<\/p>\n\n\n\n<p>Associate Professor<strong><em> Cristina MANOLE<\/em><\/strong>, Ph.D., Faculty of Administration and Public Management, Bucharest University of Economic Studies<\/p>\n\n\n\n<p>Associate Professor <strong><em>Mihaela P\u0102CE\u0218IL\u0102<\/em><\/strong>, Ph.D., Faculty of Administration and Public Management, Bucharest University of Economic Studies<\/p>\n\n\n\n<p>Lecturer <strong><em>Laura MINA RAIU<\/em><\/strong>, Ph.D., Faculty of Administration and Public Management, Bucharest University of Economic Studies<\/p>\n\n\n\n<p>Assistant <strong><em>Ana M\u0103d\u0103lina POTCOVARU<\/em><\/strong>, Ph.D., Faculty of Administration and Public Management, Bucharest University of Economic Studies<\/p>\n\n\n\n<p>Assistant <strong><em>Roxana BRI\u0218CARIU<\/em><\/strong>, Ph.D., Faculty of Administration and Public Management, Bucharest University of Economic Studies<\/p>\n\n\n\n<p>Assistant <strong><em>C\u0103t\u0103lin P\u00ceRVU<\/em><\/strong>, Ph.D., Faculty of Administration and Public Management, Bucharest University of Economic<\/p>\n\n\n\n<p>Assistant <strong><em>C\u0103t\u0103lina Oana DUMITRESCU<\/em><\/strong>, Ph.D., Faculty of Administration and Public Management, Bucharest University of Economic<\/p>\n\n\n\n<p>Assistant <strong><em>Andreea Ligia DRUG\u0102U CONSTANTIN<\/em><\/strong>, Ph.D., Faculty of Administration and Public Management, Bucharest University of Economic<\/p>\n\n\n\n<p>Assistant <strong><em>Corina Cristiana NASTAC\u0102<\/em><\/strong>, Ph.D., Faculty of Administration and Public Management, Bucharest University of Economic<\/p>\n\n\n\n<p>Economist <em><strong>Lucica-Aurora NELEAPC\u0102,<\/strong><\/em> Faculty of Administration and Public Management, Bucharest University of Economic Studies<\/p>\n","protected":false},"excerpt":{"rendered":"<p>Honorary Committee Conference Chair: Professor Constantin-Marius PROFIROIU, Ph.D., Vice-Rector with International Relations, Bucharest University of Economic Studies Conference Co-chair: Professor Elvira NICA, Ph.D., Dean of the Administration and Public Management Faculty, Bucharest University of Economic Studies Scientific Committee Professor Cristina ALPOPI, Ph.D., Head of the Administration and Public Management Department, Administration and Public Management Faculty, &hellip; <\/p>\n","protected":false},"author":1,"featured_media":0,"parent":0,"menu_order":0,"comment_status":"closed","ping_status":"closed","template":"","meta":{"footnotes":""},"class_list":["post-41","page","type-page","status-publish","hentry"],"_links":{"self":[{"href":"https:\/\/confcamp.ase.ro\/2021\/index.php?rest_route=\/wp\/v2\/pages\/41","targetHints":{"allow":["GET"]}}],"collection":[{"href":"https:\/\/confcamp.ase.ro\/2021\/index.php?rest_route=\/wp\/v2\/pages"}],"about":[{"href":"https:\/\/confcamp.ase.ro\/2021\/index.php?rest_route=\/wp\/v2\/types\/page"}],"author":[{"embeddable":true,"href":"https:\/\/confcamp.ase.ro\/2021\/index.php?rest_route=\/wp\/v2\/users\/1"}],"replies":[{"embeddable":true,"href":"https:\/\/confcamp.ase.ro\/2021\/index.php?rest_route=%2Fwp%2Fv2%2Fcomments&post=41"}],"version-history":[{"count":12,"href":"https:\/\/confcamp.ase.ro\/2021\/index.php?rest_route=\/wp\/v2\/pages\/41\/revisions"}],"predecessor-version":[{"id":141,"href":"https:\/\/confcamp.ase.ro\/2021\/index.php?rest_route=\/wp\/v2\/pages\/41\/revisions\/141"}],"wp:attachment":[{"href":"https:\/\/confcamp.ase.ro\/2021\/index.php?rest_route=%2Fwp%2Fv2%2Fmedia&parent=41"}],"curies":[{"name":"wp","href":"https:\/\/api.w.org\/{rel}","templated":true}]}}

<p><strong><span class="has-inline-color has-light-green-cyan-color">Honorary Committee</span></strong></p>



<p><strong>Conference Chair:</strong> Professor <em><strong>Constantin-Marius P</strong></em><strong><em>ROFIROIU</em></strong>, Ph.D., Vice-Rector with International Relations, Bucharest University of Economic Studies</p>



<p><strong>Conference Co-chair:</strong> Professor <em><strong>Elvira NICA,</strong></em> Ph.D., Dean of the Administration and Public Management Faculty, Bucharest University of Economic Studies</p>



<p><strong><span class="has-inline-color has-light-green-cyan-color">Scientific Committee</span></strong></p>



<p>Professor <strong><em>Cristina ALPOPI</em></strong><em>,</em> Ph.D., Head of the Administration and Public Management Department, Administration and Public Management Faculty, Bucharest University of Economic Studies</p>



<p>Professor <em><strong>Armenia ANDRONICEANU,</strong></em> Ph.D., Director of the International Center for Public Management, Faculty of Administration and Public Management, Bucharest University of Economic Studies</p>



<p>Professor <strong><em>Geert BOUCKAERT</em></strong>, Ph.D, Louvain University, President of IIAS, Bruxelles, Belgium</p>



<p>Professor <em><strong>Florina BRAN,</strong></em> Ph.D., Faculty of Agri-Food and Environmental Economics, Bucharest University of Economic Studies</p>



<p>Lecturer <em><strong>Ștefan Gabriel BURCEA,</strong></em> Ph.D., Deputy Dean of the Administration and Public Management Faculty, Bucharest University of Economic Studies</p>



<p>Professor <strong><em>Andr</em></strong><strong>é</strong><em><strong>CABANIS</strong></em><strong>, Ph.D., </strong><strong>Vice-President of the University of Toulouse – Capitole, France</strong></p>



<p>Professor <em><strong>José IGNACIO CASES</strong></em><em>, Professor Emeritus at the Carlos III University Madrid, Spain</em></p>



<p>Professor <em><strong>Sofia COLESCA,</strong></em> Ph.D., Director of the Center for Research in Administration and Public Services, Faculty of Administration and Public Management, Bucharest University of Economic Studies</p>



<p>Professor <em><strong>Daniela-Luminița CONSTANTIN,</strong></em> Ph.D., Faculty of Administration and Public Management, the Bucharest University of Economic Studies, President of the Romanian Regional Science Association</p>



<p>Professor <strong><em>Jean-Michel EYMERI-DOUZANS</em></strong>, PhD, President of EGPA, Vice-Rector of Sciences Po Toulouse in charge of Strategic and international development Director of the Master Degree &#8220;Consultancy &amp; Expertise in Public Policies&#8221; (Toulouse-Sofia-Libreville), IEP Toulouse</p>



<p>Professor <em><strong>Margareta-Stela FLORESCU,</strong></em> Ph.D., Faculty of Administration and Public Management, the Bucharest University of Economic Studies</p>



<p>Professor <strong><em>Călin HINŢEA</em></strong>, Ph.D., Dean of Political, Administrative and Communication Sciences Faculty, Babeș-Bolyai University, Cluj-Napoca</p>



<p>Professor <strong><em>Edward T. JENNINGS, </em></strong>Ph.D., Martin School of Public Policy and Administration, Kentucky University, USA</p>



<p>Professor <strong><em>Mimi Kornazheva</em></strong>, PhD Department of European Studies and International Relations, Director of Bulgarian-Romanian Interuniversity Europe Center (BRIE) University of Ruse</p>



<p>Associate Professor <strong><em>Cristina NEESHAM</em></strong>, Ph.D., Department of Management, Newcastle University, UK,</p>



<p>Emeritus Professor <strong><em>Michael A. PETERS</em></strong>, University of Illinois at Urbana-Champaign, USA Professor, University of Waikato, New Zealand</p>



<p>Professor <em><strong>Gheorghe H. POPESCU,</strong></em> Ph.D., Christian University “Dimitrie Cantemir”, Bucharest, Center for Applied Macroeconomic Analysis at AAER, New York</p>



<p>Professor <em><strong>Ruxandra-Irina POPESCU,</strong></em> Ph.D., Deputy Dean of Administration and Public Management Faculty, Bucharest University of Economic Studies</p>



<p>Professor <em><strong>Alina-Georgiana PROFIROIU,</strong></em> Ph.D., Faculty of Administration and Public Management, the Bucharest University of Economic Studies</p>



<p>Associate Professor <em><strong>Carmen-Valentina RADULESCU,</strong></em> Ph.D., Deputy Dean of Faculty of Agrifood and Environmental Economics, the Bucharest University of Economic Studies</p>



<p>Professor <em><strong>José Manuel RUANO de la FUENTE,</strong></em> Ph.D., Coordinator of the “Government and Public Administration” Program, Faculty of Political Science and Sociology, University of Complutense, Madrid, Spain</p>



<p>Lecturer <em><strong>Oana Matilda SABIE,</strong></em> Ph.D., Deputy Dean of Administration and Public Management Faculty, Bucharest University of Economic Studies</p>



<p>Professor <strong><em>Katarina VALASKOVA</em>, </strong>Faculty of Operation and Economics of Transport and Communications, Department of Economics, University of Zilina, Zilina, Slovak Republic</p>



<p><strong><span class="has-inline-color has-vivid-red-color">Keynote Speakers</span></strong></p>



<p><em><strong>Adina Dudau,</strong></em> senior lecturer (associate professor) in management at the University of Glagsow Adam Smith Business School. </p>



<p><strong><span class="has-inline-color has-light-green-cyan-color">Conference Manager</span></strong></p>



<p>Lecturer<strong> <em>Oana Matilda SABIE</em></strong>, Ph.D., Vice Dean of the Administration and Public Management Faculty, Bucharest University of Economic Studies</p>



<p><strong><span class="has-inline-color has-light-green-cyan-color">Organizing Committee</span></strong></p>



<p>Professor <em><strong>Ruxandra-Irina POPESCU,</strong></em> Ph.D., Deputy Dean of Administration and Public Management Faculty, Bucharest University of Economic Studies</p>



<p>Lecturer <em><strong>Ștefan Gabriel BURCEA,</strong></em> Ph.D., Deputy Dean of the Administration and Public Management Faculty, Bucharest University of Economic Studies</p>



<p>Lecturer <em><strong>Sorin BURLACU,</strong></em> Ph.D., Faculty of Administration and Public Management, Bucharest University of Economic Studies</p>



<p>Associate Professor <strong><em>Mihaela COMĂNESCU</em></strong>, Ph.D., Faculty of Administration and Public Management, Bucharest University of Economic Studies</p>



<p>Associate Professor<strong><em> Cristina MANOLE</em></strong>, Ph.D., Faculty of Administration and Public Management, Bucharest University of Economic Studies</p>



<p>Associate Professor <strong><em>Mihaela PĂCEȘILĂ</em></strong>, Ph.D., Faculty of Administration and Public Management, Bucharest University of Economic Studies</p>



<p>Lecturer <strong><em>Laura MINA RAIU</em></strong>, Ph.D., Faculty of Administration and Public Management, Bucharest University of Economic Studies</p>



<p>Assistant <strong><em>Ana Mădălina POTCOVARU</em></strong>, Ph.D., Faculty of Administration and Public Management, Bucharest University of Economic Studies</p>



<p>Assistant <strong><em>Roxana BRIȘCARIU</em></strong>, Ph.D., Faculty of Administration and Public Management, Bucharest University of Economic Studies</p>



<p>Assistant <strong><em>Cătălin PÎRVU</em></strong>, Ph.D., Faculty of Administration and Public Management, Bucharest University of Economic</p>



<p>Assistant <strong><em>Cătălina Oana DUMITRESCU</em></strong>, Ph.D., Faculty of Administration and Public Management, Bucharest University of Economic</p>



<p>Assistant <strong><em>Andreea Ligia DRUGĂU CONSTANTIN</em></strong>, Ph.D., Faculty of Administration and Public Management, Bucharest University of Economic</p>



<p>Assistant <strong><em>Corina Cristiana NASTACĂ</em></strong>, Ph.D., Faculty of Administration and Public Management, Bucharest University of Economic</p>



<p>Economist <em><strong>Lucica-Aurora NELEAPCĂ,</strong></em> Faculty of Administration and Public Management, Bucharest University of Economic Studies</p>
